
2, 5, 17
Let m = -87 + 101. Let a = m - 7. Suppose 0 = -y - a + 144. List the prime factors of y.
137
Suppose -3*z - 4*s + 91444 = 0, 459*z + 152418 = 464*z + s. List the prime factors of z.
2, 7621
Suppose 102*k = 104*k + 2*b - 85206, 3*b = 2*k - 85166. What are the prime factors of k?
5, 7, 1217
Suppose 0 = 4*w + 3*x - 11011, 8*w - 2*x + 13755 = 13*w. List the prime factors of w.
2749
Let w = -1217 - -9113. List the prime factors of (w/140)/((-6)/(-80)) + 0.
2, 47
Suppose 0 = 2*h - 1 + 3, w - 3*h + 190 = 0. Let i = 315 + w. Suppose 964 = 5*x - 2*z, 2*x + 2*z - 502 = -i. What are the prime factors of x?
2, 3
Let r be 6 - 729*(-6)/6. Let m = r + -374. List the prime factors of m.
19
Suppose -7*v - 9430 = -30*v. List the prime factors of v.
2, 5, 41
Let h = -1201 + 5983. What are the prime factors of h?
2, 3, 797
Let v(t) = -t + 2. Let y be v(-9). Let i(d) = 0 + d**3 - 11*d**2 + 11 + 5 + 3*d - 4*d + 6. What are the prime factors of i(y)?
11
Let q(b) = -584*b + 2460. List the prime factors of q(-59).
2, 11, 839
List the prime factors of (10*2)/((4/10)/(42378/105)).
2, 5, 1009
What are the prime factors of 8 + 2771442/85 + -1 + (-9)/(-5)?
2, 23, 709
Suppose j = -2*n - 20, 7 = -j + n - 1. Let v(h) be the first derivative of -5*h**2/2 + 22*h + 1. List the prime factors of v(j).
2, 41
Let d(k) = -3*k**2 - 7*k**3 + 1 - 1 + 3*k**3 + 2. Suppose -20*a - 81 = -21. What are the prime factors of d(a)?
83
Let k(v) = v**2 - 26*v + 127. Let j be k(6). List the prime factors of (-1)/(j/42) + 460.
2, 227
Let c be 299520/216 - (-5)/(-3). Suppose -7*g + 4*t = -2*g - c, g - 4*t - 277 = 0. List the prime factors of g.
277
Suppose 2*x + 2 = -5*w + 22, 0 = x - w + 4. Suppose 30 + 5 = -5*s - 5*v, -2*s + 4*v - 44 = x. What are the prime factors of 60*((-12)/s - (-1)/2)?
2, 3, 5
What are the prime factors of 5/20*-430*(-3 + -115)?
5, 43, 59
Let p(f) = -42*f + 34. Let u be p(1). List the prime factors of 248/3 + u/84*7.
2, 41
Let r(a) = 956*a**2 - 11*a + 192. What are the prime factors of r(-6)?
2, 3, 5779
Let g = 294 + -2130. Let k = -1252 - g. What are the prime factors of k?
2, 73
Suppose -72*j - 14*j + 34891 = -238589. What are the prime factors of j?
2, 3, 5, 53
Let r(k) be the first derivative of k**3/3 + 2*k + 17. Let o be r(0). Suppose h - 4*h = 2*u - 258, 172 = o*h + 3*u. List the prime factors of h.
2, 43
Let i(p) = 187*p**2 + 337*p + 3416. List the prime factors of i(-10).
2, 7, 13, 103
Let w(y) = 696*y - 522. What are the prime factors of w(13)?
2, 3, 7, 29
Let y = 124 + -142. List the prime factors of ((-4)/y - 8591/(-99)) + 6.
3, 31
What are the prime factors of (-388)/(-1)*(0 - (-84)/6)?
2, 7, 97
Suppose 27*k = 4*n + 22*k - 7058, -4*n = -3*k - 7070. List the prime factors of n.
2, 443
Let a = -3829 + 7852. What are the prime factors of a?
3, 149
Suppose 0 = 5*i - 4*i - 2*k, -4*k + 12 = i. Suppose -769 = 7*w - 3*w + 5*z, 765 = -i*w - z. Let v = 285 + w. What are the prime factors of v?
2, 47
Let u = -199 + 193. What are the prime factors of (-3)/((-27)/906)*(-9)/u?
151
Let x(v) = 7*v**2 + 4*v + 2. Let q be x(-1). Suppose 5*s + 170 + 243 = 3*z, -685 = -5*z + q*s. What are the prime factors of z?
2, 17
Let n = 10156 + 2909. Suppose -2031 - n = -34*g. What are the prime factors of g?
2, 3, 37
Suppose -m = -2*f + 2576, -4*f + 0*m - 4*m = -5176. Let z = f + -751. What are the prime factors of z?
7, 11
Suppose 207*q + 93*q - 4406100 = 0. What are the prime factors of q?
19, 773
Let f be 1 + -2 - (-66 + (-4 - -7)). Let t = f + -5. List the prime factors of t.
3, 19
Let s(x) = -19*x**3 + 2*x**2 - 1. Let r be s(-1). Let u = 8 + r. Let t = u - -16. What are the prime factors of t?
2, 11
Let c be (-2 + (-2460)/14)/(8/(-28)). Suppose 7*s + c - 2596 = 0. List the prime factors of s.
2, 3, 47
Let f(s) = -22*s**3 - 3*s**2 - s - 11. Let w be f(-4). What are the prime factors of 1/2 + w/2?
677
Suppose -15 + 17 = p. Suppose -9 + 3 = -p*b. Suppose -b*f + 201 = 2*v - 0*f, 2*v + f - 199 = 0. List the prime factors of v.
3, 11
Suppose 0 = -x - 5*u + 940 + 88, 2*u = -x + 1034. What are the prime factors of x?
2, 3, 173
Let n(z) = -z**3 - 21*z**2 - 39*z - 17. Let d be n(-19). Let y(i) = 2*i + 6 + 11 - 19 + 8*i**d. What are the prime factors of y(-4)?
2, 59
Suppose 3*s + 1043 = 53. Let h = s - -490. List the prime factors of h.
2, 5
Let r = -187 - -371. Suppose -p + r + 57 = 0. List the prime factors of p.
241
Suppose 14*v - 33*v - 76*v + 552710 = 0. List the prime factors of v.
2, 2909
List the prime factors of (15366/(-8) + (-18 - -27))*-8.
2, 3, 2549
Suppose -8*m + 11*m - 582 = 0. Let k = 371 - m. Suppose -8*w + k - 1 = 0. What are the prime factors of w?
2, 11
Suppose 0 = -2*h - 94 - 138. Let z be 12/(-16) - h/(-16). What are the prime factors of 2*(-316)/z + 3?
2, 41
Suppose -5 = -5*q - 5*v, 2*q - 2*v = 3*v + 16. Suppose a + 7*g + 24 = q*g, -10 = -2*g. Let p = a + 91. List the prime factors of p.
47
Let x(a) = 2*a**3 + 16*a**2 - 11*a - 46. Let u be x(-13). Let i = -575 - u. List the prime factors of i.
2, 509
Let c(l) = -31*l + 31. Let r be c(-8). Let n = r - -5. Suppose -3*y + 19 = -n. List the prime factors of y.
101
What are the prime factors of 11562 - (-39)/(-182)*14?
3, 3853
What are the prime factors of (18 - 21 - (-15)/4)/((-2)/(-13608))?
3, 7
Let j(u) = -6540*u**3 - 4*u**2 + 6*u + 6. List the prime factors of j(-1).
2, 19, 43
Let q(m) = 36*m + 105. Let s be q(-3). What are the prime factors of s/4*6*-262?
3, 131
Let v(b) = 25*b + 553. Let s be v(-22). Suppose 0 = -s*j - h + 4471, 2*j + h = -h + 2986. List the prime factors of j.
1489
Suppose -d - 19 = -2*d - 5*j, -2*d = -2*j - 74. Suppose -5*l - 15 = 0, -q + 3*l = -98 + 7. Let z = q + d. What are the prime factors of z?
2, 29
Let m(s) = s**2 - 36*s - 59. List the prime factors of m(67).
2, 1009
Suppose -2*h + 5*m + 13 = 0, -43 = 6*h - 3*h + 5*m. Let k(l) = 14*l**2 - 10*l - 85. What are the prime factors of k(h)?
479
Suppose 20*m = -3*m - 3335. What are the prime factors of ((-1853)/4)/(7 + m/20)?
17, 109
Let n(w) = -w**2 + 9*w + 24. Let x(c) = -10*c**3 - 3*c - 2. Let d be x(-1). Let b be n(d). List the prime factors of b*(-2)/(-4)*118.
2, 59
Let a be (-2016)/(-8)*(-9)/(-6). Suppose -z - z + a = 2*j, 2*j - 6 = 0. Let q = -116 + z. What are the prime factors of q?
2, 5, 7
Let k be 0 - (-11)/((-44)/16). Let w be k/(24/(-30)) - 1. List the prime factors of ((-1)/(-6))/((-2)/w)*-411.
137
Let w be (0 - 1) + 3 - 33/11. What are the prime factors of (w - (-10672)/(-24))*-3?
7, 191
Let v(g) = -4*g**2 - 120*g + 54. Let l be v(-30). Suppose -23352 = -l*i + 25086. What are the prime factors of i?
3, 13, 23
Let c(b) = -23000*b - 776. What are the prime factors of c(-1)?
2, 3, 463
Suppose 0 = -3*m + 19 - 10. Suppose l - 40 = -m*i, 20*i = -4*l + 24*i + 192. List the prime factors of l.
2, 23
Let d = -14390 - -25186. List the prime factors of d.
2, 2699
Let f(c) = 1991*c**2 - 2. What are the prime factors of f(3)?
19, 23, 41
Let u be (5 + -2)/(5/(75/9)). Suppose -u*k - 10 = -0, -5*k = -3*h + 1729. List the prime factors of h.
3, 191
Let b be (8/(-6))/((-24)/180). Let w be (-2)/(-4) + b/20. What are the prime factors of 1*(89/2 - w/(-2))?
3, 5
Let o = -294 + 295. List the prime factors of (((-285)/6)/(-5))/(o/22).
11, 19
List the prime factors of (-1)/6*-4*(-127056)/(-32).
2647
Let q = -25293 + 42623. What are the prime factors of q?
2, 5, 1733
Let g(q) = 86*q**2 + 3583*q - 23. What are the prime factors of g(-46)?
5, 23, 149
Let g = -503 - -507. Suppose 0 = -16*r + 15*r - p + 243, -g*r + 4*p + 956 = 0. What are the prime factors of r?
241
Let c(i) = -7*i + 76. Let t be c(11). What are the prime factors of t/((-5)/30) + 44?
2, 5
Suppose 219174 = -77*d + 623424. List the prime factors of d.
2, 3, 5, 7
Let u be (21 + -24)/(1/4 + -1). Suppose -u*q - 43 = 4*l - 859, 3*l = -2*q + 408. Let k = q - 19. What are the prime factors of k?
5, 37
What are the prime factors of 20808/16*4 - -8?
2, 5, 521
Let s(v) be the first derivative of 4*v**3/3 - v**2 - 14. Let d be s(2). List the prime factors of 4/3 - (-296)/d.
2, 13
Suppose 373*a = 386*a - 14716. What are the prime factors of a?
2, 283
Let x = -44 + 46. Let b = 2 + x. What are the prime factors of (7 - 0)/(b - (-158)/(-40))?
2, 5, 7
Let p(o) = -2*o + 39. Let c be p(16). Let g = 11 - c. 